 be the third derivative of -2*n**4/3 - n**3/6 + 71*n**2. Calculate v(-2).
31
Let m(h) be the first derivative of h**4/4 - 10*h**3/3 + 8*h**2 - 7*h - 91. What is m(8)?
-7
Suppose 14*c - 10*c + 20 = 0. Let j = c + 9. Let y(u) be the first derivative of u**4/4 - u**3 - 3*u**2/2 - 9. Calculate y(j).
4
Let j(d) = -3*d + 16. Let n(i) = -5*i + 31. Let q(l) = -7*j(l) + 4*n(l). Let o = 394 + -404. Calculate q(o).
2
Suppose 15*f + 3*f = 36. Let h(i) be the first derivative of 8*i + 1/3*i**3 - 1 - 1/2*i**f. What is h(0)?
8
Let h = -100 - -97. Let v(n) = n**2 - 3*n + 4. Give v(h).
22
Let x = 240 + -149. Let l(a) = a**3 + 94*a**2 + 0*a - x*a**2 - a. Give l(-4).
-12
Suppose -3*f = -p - 19, -5*f + 11 = 2*p - 6. Let g(k) be the first derivative of -k**4/4 - 4*k**3/3 - 3*k**2/2 - 4*k - 158. Determine g(p).
8
Let p(n) = -9*n**3 - 17*n**2 + 10*n + 14. Let r(g) = 11*g**3 + 19*g**2 - 10*g - 15. Let m(u) = 5*p(u) + 4*r(u). Determine m(-10).
10
Let k be 196/36 - 11/((-792)/(-32)). Let r(m) = -5*m + 1. Calculate r(k).
-24
Let q(x) = -2*x + 3. Let a = 195 - 189. Determine q(a).
-9
Let l(z) = -z**2 - 3*z + 2. Let v(b) = 5*b + 20. Let c be v(-5). Give l(c).
-8
Let c be ((-3)/2)/(1/(-6)). Let f be c + (-12)/(6 - 3). Let b(q) = -6*q + 4*q + 13*q - q**2 - f*q + 2. Give b(6).
2
Suppose -2*x = -7*x + 10. Let l(p) = -p + 6 + 2 - x + 0. What is l(9)?
-3
Let z(x) = -x**2 + 6*x + 2. Suppose r + 1 = -v - 3, -5*r = v + 20. Suppose -3*i + 6*i - 36 = v. Let p = -7 + i. Give z(p).
7
Let c(v) = -7*v**3 + 51*v**2 + 7*v - 35. Let q(m) = -3*m**3 + 25*m**2 + 3*m - 18. Let i(x) = 4*c(x) - 9*q(x). Calculate i(-21).
1
Let h(n) be the third derivative of -n**5/60 + 5*n**4/24 - n**3/6 + n**2 - 28. Suppose 3*r + 20 = w, w + r = -2*r - 10. Calculate h(w).
-1
Let l(b) = -b**2 - 7*b + 7. Suppose 6*a - 2*a - 108 = 0. Suppose -2*d - a = d. Calculate l(d).
-11
Let c(s) = -3*s + 8. Let d(m) = 1. Let q(x) = c(x) - 4*d(x). Calculate q(4).
-8
Let n = -125 - -157. Let p(r) = -n + 3*r - 30 + 56. What is p(6)?
12
Let g(v) be the first derivative of -v**4/4 + 4*v**3/3 + 3*v**2/2 - v - 4. Let r be 142/9 + (-4)/(-18). Suppose r = 9*l - 5*l. Give g(l).
11
Let d(i) = -97*i**2 + i**3 - 5 + 9 + 104*i**2 + 2*i. Suppose 9*m - 7*m = -14. What is d(m)?
-10
Let a(i) be the second derivative of i**5/20 + i**4/12 - i**3/3 - i**2 + 5*i. Suppose -24*w - 74 = -26. What is a(w)?
-2
Suppose -34 = 11*o - 12. Let x(b) = b**3 + b**2 - b. Give x(o).
-2
Let h = 1 + -1. Suppose 5*b = q + 5, 5*b - 5 = 4*q - 0*b. Let d(g) = q + 4 - 2 + 9 + g. Give d(h).
11
Let h(x) = 15*x + 9. Let m(j) = -5*j - 5. Let a(c) = -2*h(c) - 5*m(c). Calculate a(-3).
22
Let b(c) = -c**2 + 16*c + 22. Let u be b(17). Let y(x) = -3 + 5*x + 1 + 5. Calculate y(u).
28
Let v(l) = -5*l - 17. Suppose -26 + 59 = -11*a. What is v(a)?
-2
Let c(d) = -d**3 + 30*d**2 - 27*d - 61. Let b be c(29). Let l(o) = o**3 + 5*o**2 + o - 3. Calculate l(b).
12
Let k(c) = 2 + 3 + c**2 - 3 - 5 + 3*c. Let j be 1 + 8/(-2) - -2. Let u be -8*j/(-2)*1. Determine k(u).
1
Let k(u) be the first derivative of u**4/4 - 5*u**3/3 + u**2/2 - 4*u + 1. Let z = -1258 + 1263. Determine k(z).
1
Suppose 0 = 2*b + 2, -2*t - 3*b - 4 = b. Suppose -12*l + 9*l = t. Suppose f = -l*f + 5. Let g(s) = -s - 1. Determine g(f).
-6
Let b(x) = -x. Let c(p) = 4*p**2 - 71*p - 7*p**2 + 1 + 72*p. Let g(s) = 2*b(s) + c(s). Suppose -3*m = -0 - 3. Give g(m).
-3
Let u(y) = y. Let i(b) = 6*b. Let d be i(-1). Let n be u(d). Let r(a) = -5*a**2 - a - 6. Let t(o) = -4*o**2 - 6. Let h(z) = -5*r(z) + 6*t(z). Determine h(n).
0
Let h(f) = 6*f - 3*f**2 - 16*f - 2 + 13*f. Let s = -324 + 326. What is h(s)?
-8
Let g(n) be the second derivative of n**7/840 + n**6/90 - n**5/24 + n**4/4 + 7*n**3/2 + 11*n. Let t(a) be the second derivative of g(a). Determine t(-5).
6
Suppose 3*k - 5*k + 163 = 5*h, -5*k + 365 = 4*h. Suppose 27 - k = -7*p. Let y(r) = -r. Determine y(p).
-6
Suppose 5*y = -5*k - 50, -2*y + 7*k - 4*k = 15. Let x = y - -25. Suppose 4*s - 8 = x. Let o(u) = -u**2 + 7*u - 2. Determine o(s).
4
Let m(q) be the second derivative of -q**3/6 + 5*q**2 + 57*q. Calculate m(12).
-2
Let o(y) = 15*y**2 - 17*y - 20. Let n(g) = 29*g**2 - 31*g - 37. Let q(m) = -6*n(m) + 11*o(m). Determine q(1).
-8
Let s(p) = 3*p**3 - 8*p**2 + 9*p - 5. Let m(w) = 16*w**3 - 40*w**2 + 45*w - 24. Let b(k) = -2*m(k) + 11*s(k). Let a be ((-18)/9*(-1 + 3) + 5)*7. Give b(a).
7
Let j(d) = 0*d**2 - 31*d + d**2 - d**3 + 32*d. Let l(r) = r**2 + 3*r - 8. Let g be l(-5). What is j(g)?
-2
Let l(r) = r**2 - r - 3. Let g be (-3 - 4/(-1))*-7. Let j = g - -10. What is l(j)?
3
Let o(d) be the second derivative of 2*d**3 + 49*d. Give o(2).
24
Let b(r) = r**3 + r**2 - 10*r - 2. Suppose -15*f + 2*n = -14*f - 6, 5*n = -4*f - 41. Determine b(f).
-10
Let u(y) = -4*y**2 - 4*y - 9. Let z(l) = -l**2 - 2*l - 1. Let b(f) = u(f) - 5*z(f). Give b(-8).
12
Let v(j) be the third derivative of j**4/12 + j**3/2 + 6*j**2 + 2. Give v(-4).
-5
Suppose 0 = -4*q - 0*q + 16. Let g(x) = x**2 - 6*x - 1. Let a(o) = o**2 - 6*o + 1. Let z(j) = 3*a(j) - 2*g(j). Determine z(q).
-3
Suppose 2*d = -5*x - 4, -5 = -5*d + 10. Let c(q) = -4*q**2 - 4*q + 2. What is c(x)?
-6
Suppose 5*s + 3*z + 69 = 0, -5*s - 63 = -2*z + 3*z. Let n = s - -19. Let u(l) = 0*l - n*l**2 - l + 6*l**2. What is u(1)?
-2
Suppose 3*g + 2*f = 1294, f - 863 = -4*g + 2*g. Let h be g/30 + 6/10. Let b = h + -14. Let y(q) = q**2 - 1. What is y(b)?
0
Suppose -f = -5*f - 36. Let q(a) be the first derivative of a**2 + 13*a - 1964. Calculate q(f).
-5
Let t(n) be the first derivative of -n**5/20 - n**4/2 + 5*n**3/6 - 4*n**2 + 24*n - 8. Let b(q) be the first derivative of t(q). What is b(-7)?
6
Let t(v) be the first derivative of -1/2*v**2 - 3 + 2*v. Let z = -77 + 72. Calculate t(z).
7
Let k(s) = 2*s - 1 + 2*s - 2*s. Suppose 4*i - 7 = 1. Suppose 4*l - i*l - 5*p - 4 = 0, -4*p - 11 = l. Give k(l).
-7
Let t(y) = 3*y**2 - 3*y - 2. Let v(g) = 4*g**2 - 4*g - 2. Let q(k) = 5*t(k) - 4*v(k). Let m be 4/8*1*-4. Determine q(m).
-8
Let c(v) be the first derivative of v**2/2 - 24*v - 99. Give c(14).
-10
Let y(m) = -m**3 + 13*m**2 + m - 17. Let h be y(13). Let s(d) = -d**2 - 3*d + 1. What is s(h)?
-3
Let n(t) be the second derivative of -1/12*t**4 + 15*t - 5/6*t**3 - 3/2*t**2 + 0. Calculate n(-3).
3
Let h(d) = d**3 + 3*d**2 - 3*d + 4. Let f(z) = 1 + 5*z + 0 + 5. Let i(t) = -t**2 - 11*t + 100. Let s be i(-17). Let y be f(s). Calculate h(y).
0
Let n(g) = -g**3 + 5*g**2 + 5*g + 7. Let x = 8 - 5. Suppose -x*b = -0*b - 9. Suppose -b - 9 = -2*h. Calculate n(h).
1
Let g(s) = 3*s. Let r(l) = -2*l. Let m(o) = 3*g(o) + 5*r(o). Suppose 0 = -4*n + 2*n + 14. Determine m(n).
-7
Let i(j) = 15 - 6 - 5*j - j**2 - 1 + 0. Calculate i(-7).
-6
Let l(i) = -5*i**2 + 2*i + 9 + 2*i**3 - 4*i**2 + 4*i + 0*i**2 - i**3. Determine l(8).
-7
Let c(r) = 5*r - 1. Suppose 3*g = -0*g - 21. Let d = 72 - 22. Let j be 3/g - d/(-35). Calculate c(j).
4
Let r be (-6)/(-4)*(-4)/(-3). Suppose -r*w = d + 10, 4*d = 5*w + 18 + 20. Let l(h) = -h - 1. Determine l(w).
5
Let w(r) = -27*r**3 - r + 1. Let a = 43 - 41. Suppose -3*t - a*t + 5 = 0. Determine w(t).
-27
Let j = 15 - 11. Let l = -29 + 39. Let o(v) = v - j + l + v**2 - 10 + v**2. Calculate o(-3).
11
Let m(l) = l - 5. Suppose 2*x + 3*c - 3 = 9, -3*c = 4*x - 36. Suppose 2*q + x = 6*q. Let b be -3 - -6*q/6. Calculate m(b).
-5
Let t = 1225/6 + -204. Let h(w) be the third derivative of 0*w**3 + 2*w**2 + 0 + 1/60*w**5 - t*w**4 + 0*w. Give h(5).
5
Let h(w) be the second derivative of -w**5/30 + w**4/12 + w**3/6 + 2*w**2 - 45*w. Let o(y) be the second derivative of h(y). What is o(6)?
-22
Let h(x) = 2*x**2 + 7*x - 17. Let d be h(2). Let g(v) = -v**2 + 4*v - 7. Give g(d).
-12
Let t(k) = k**2 - 4*k - 6. Suppose -3*r + n = -7*r - 15, 2*r + 5*n + 3 = 0. Let g(p) = -p**2 + 4*p + 5. Let x(s) = r*t(s) - 5*g(s). What is x(6)?
11
Suppose -2*i + 3 = i. Let c be 15*(4/(-10))/i. Let x(z) = -4*z**2 - 2*z + 1. Let d(l) = -11*l**2 - 7*l + 1. Let a(g) = 3*d(g) - 8*x(g). What is a(c)?
-11
Let b = 1106 - 1107. Let m(q) = -50*q + 1. Determine m(b).
51
Let t be 0 - (-3 + (-15 - -7)). Let r(o) = o**2 - 12*o + 18. Determine r(t).
7
Suppose -39*q = 138 + 135. Let b(g) = g - 1. What is b(q)?
-8
Let b(v) = -v**2 - 3*v - 1. Let j(m) = 12*m - 7. Let h(p) = 2*b(p) + j(p). Calculate h(5).
-29
Let x(r